ulate the remainder when 18567 is divided by 9275.
17
What is the remainder when 125399 is divided by 200?
199
Calculate the remainder when 37161 is divided by 326.
323
Calculate the remainder when 56001 is divided by 718.
715
What is the remainder when 8570 is divided by 116?
102
Calculate the remainder when 102578 is divided by 2011.
17
What is the remainder when 3470 is divided by 71?
62
What is the remainder when 19483 is divided by 812?
807
What is the remainder when 16532 is divided by 1097?
77
What is the remainder when 39036 is divided by 6?
0
Calculate the remainder when 93459 is divided by 14.
9
What is the remainder when 116135 is divided by 12?
11
What is the remainder when 19835 is divided by 20?
15
Calculate the remainder when 30563 is divided by 8.
3
Calculate the remainder when 9717 is divided by 27.
24
What is the remainder when 12445 is divided by 82?
63
What is the remainder when 5624 is divided by 117?
8
Calculate the remainder when 284715 is divided by 1134.
81
Calculate the remainder when 76646 is divided by 87.
86
What is the remainder when 17647 is divided by 17645?
2
What is the remainder when 7587 is divided by 1081?
20
What is the remainder when 280291 is divided by 12740?
11
Calculate the remainder when 12231 is divided by 11.
10
Calculate the remainder when 1565 is divided by 38.
7
Calculate the remainder when 856969 is divided by 10.
9
Calculate the remainder when 1582 is divided by 534.
514
What is the remainder when 27449 is divided by 156?
149
Calculate the remainder when 98921 is divided by 104.
17
Calculate the remainder when 5812 is divided by 1444.
36
Calculate the remainder when 19909 is divided by 25.
9
Calculate the remainder when 692491 is divided by 126.
121
Calculate the remainder when 145283 is divided by 435.
428
What is the remainder when 15525 is divided by 14963?
562
What is the remainder when 28127 is divided by 14055?
17
What is the remainder when 3678 is divided by 395?
123
Calculate the remainder when 371489 is divided by 427.
426
Calculate the remainder when 1389951 is divided by 76.
63
What is the remainder when 7059 is divided by 3517?
25
What is the remainder when 35448 is divided by 76?
32
What is the remainder when 24973 is divided by 1248?
13
What is the remainder when 6101 is divided by 235?
226
What is the remainder when 12199 is divided by 439?
346
Calculate the remainder when 14027 is divided by 4664.
35
What is the remainder when 12376 is divided by 6186?
4
What is the remainder when 86910 is divided by 608?
574
What is the remainder when 562 is divided by 59?
31
What is the remainder when 6777 is divided by 12?
9
Calculate the remainder when 4485 is divided by 4479.
6
Calculate the remainder when 439656 is divided by 48849.
15
What is the remainder when 4672352 is divided by 2946?
2942
Calculate the remainder when 37745 is divided by 85.
5
Calculate the remainder when 118273 is divided by 2516.
21
Calculate the remainder when 21615 is divided by 312.
87
Calculate the remainder when 99366 is divided by 28.
22
What is the remainder when 88418 is divided by 88?
66
What is the remainder when 4874 is divided by 436?
78
Calculate the remainder when 304 is divided by 24.
16
What is the remainder when 9269 is divided by 1441?
623
What is the remainder when 78534 is divided by 31?
11
Calculate the remainder when 109598 is divided by 40.
38
What is the remainder when 5205 is divided by 41?
39
What is the remainder when 1984 is divided by 572?
268
Calculate the remainder when 2907 is divided by 567.
72
What is the remainder when 6821 is divided by 1231?
666
Calculate the remainder when 67998 is divided by 22.
18
Calculate the remainder when 18019 is divided by 192.
163
Calculate the remainder when 171363 is divided by 12240.
3
Calculate the remainder when 335788 is divided by 4.
0
What is the remainder when 73793 is divided by 98?
97
What is the remainder when 90120 is divided by 236?
204
What is the remainder when 165 is divided by 19?
13
Calculate the remainder when 27543 is divided by 55.
43
Calculate the remainder when 7897 is divided by 155.
147
Calculate the remainder when 132006 is divided by 430.
426
Calculate the remainder when 27843 is divided by 18.
15
Calculate the remainder when 2537320 is divided by 75.
70
Calculate the remainder when 1759 is divided by 581.
16
What is the remainder when 3680 is divided by 1214?
38
Calculate the remainder when 8323 is divided by 2770.
13
Calculate the remainder when 495132 is divided by 74.
72
Calculate the remainder when 41071 is divided by 68.
67
Calculate the remainder when 10669 is divided by 333.
13
Calculate the remainder when 1673576 is divided by 2559.
2549
What is the remainder when 79939 is divided by 140?
139
What is the remainder when 4644 is divided by 824?
524
Calculate the remainder when 3312 is divided by 176.
144
What is the remainder when 48624 is divided by 15?
9
Calculate the remainder when 154140 is divided by 5.
0
Calculate the remainder when 1403 is divided by 159.
131
What is the remainder when 2814171 is divided by 188?
187
Calculate the remainder when 7821 is divided by 873.
837
Calculate the remainder when 1013 is divided by 273.
194
Calculate the remainder when 291461 is divided by 174.
11
What is the remainder when 76250 is divided by 38112?
26
Calculate the remainder when 93090 is divided by 273.
270
Calculate the remainder when 3843 is divided by 260.
203
What is the remainder when 437306 is divided by 51?
32
Calculate the remainder when 94483 is divided by 700.
683
What is the remainder when 58510 is divided by 13?
10
What is the remainder when 845 is divided by 676?
169
What is the remainder when 5473 is divided by 5008?
465
Calculate the remainder when 38645 is divided by 14.
5
Calculate the remainder when 22894 is divided by 203.
158
Calculate the remainder when 2746 is divided by 444.
82
Calculate the remainder when 1106 is divided by 44.
6
Calculate the remainder when 38936 is divided by 47.
20
Calculate the remainder when 627 is divided by 550.
77
What is the remainder when 14586 is divided by 1751?
578
Calculate the remainder when 7451 is divided by 102.
5
What is the remainder when 322 is divided by 316?
6
What is the remainder when 22212 is divided by 1847?
48
Calculate the remainder when 12703 is divided by 165.
163
Calculate the remainder when 48744 is divided by 88.
80
Calculate the remainder when 11606 is divided by 182.
140
What is the remainder when 4057 is divided by 1342?
31
Calculate the remainder when 2463 is divided by 110.
43
Calculate the remainder when 60008 is divided by 4000.
8
Calculate the remainder when 10237 is divided by 1319.
1004
What is the remainder when 976 is divided by 678?
298
Calculate the remainder when 3389 is divided by 116.
25
What is the remainder when 1287 is divided by 326?
309
What is the remainder when 657145 is divided by 1022?
1021
What is the remainder when 1611827 is divided by 33?
8
What is the remainder when 2087 is divided by 204?
47
What is the remainder when 1094 is divided by 352?
38
What is the remainder when 40176 is divided by 182?
136
Calculate the remainder when 10527 is divided by 81.
78
What is the remainder when 9252 is divided by 452?
212
What is the remainder when 20671 is divided by 152?
151
What is the remainder when 6373 is divided by 48?
37
Calculate the remainder when 58441 is divided by 165.
31
Calculate the remainder when 1594952 is divided by 19.
16
Calculate the remainder when 113905 is divided by 128.
113
What is the remainder when 1379730 is divided by 275946?
0
Calculate the remainder when 1710 is divided by 571.
568
What is the remainder when 934 is divided by 53?
33
Calculate the remainder when 141677 is divided by 6.
5
What is the remainder when 1382 is divided by 130?
82
What is the remainder when 1509 is divided by 1437?
72
What is the remainder when 8084 is divided by 634?
476
What is the remainder when 18358 is divided by 1140?
118
Calculate the remainder when 17601 is divided by 429.
12
Calculate the remainder when 10358009 is divided by 18.
17
What is the remainder when 7351 is divided by 184?
175
What is the remainder when 785 is divided by 319?
147
What is the remainder when 29056 is divided by 177?
28
Calculate the r